{"id":2639,"date":"2025-01-09T20:49:22","date_gmt":"2025-01-09T18:49:22","guid":{"rendered":"https:\/\/zepgis.de\/anasayfa\/podcastler\/"},"modified":"2025-07-15T13:23:54","modified_gmt":"2025-07-15T11:23:54","slug":"podcastler","status":"publish","type":"page","link":"https:\/\/zepgis.de\/tr\/anasayfa\/podcastler\/","title":{"rendered":"Podcastler"},"content":{"rendered":"","protected":false},"excerpt":{"rendered":"","protected":false},"author":1,"featured_media":0,"parent":853,"menu_order":0,"comment_status":"closed","ping_status":"closed","template":"","meta":{"inline_featured_image":false,"footnotes":""},"class_list":["post-2639","page","type-page","status-publish","hentry"],"yoast_head":"<!-- This site is optimized with the Yoast SEO plugin v27.4 - https:\/\/yoast.com\/product\/yoast-seo-wordpress\/ -->\n<title>Podcastler - ZEPGIS - Zentrum f\u00fcr psychosoziale Gesundheit in Schaumburg<\/title>\n<meta name=\"description\" content=\"&quot;G\u00f6\u00e7menleri G\u00fc\u00e7lendir&quot;, \u00f6zellikle Schaumburg b\u00f6lgesindeki g\u00f6\u00e7menlerin ihtiya\u00e7 duyduklar\u0131 deste\u011fi bulmalar\u0131na yard\u0131mc\u0131 olmak i\u00e7in \u00f6zel olarak geli\u015ftirilmi\u015f bir projedir.\" \/>\n<meta name=\"robots\" content=\"index, follow, max-snippet:-1, max-image-preview:large, max-video-preview:-1\" \/>\n<link rel=\"canonical\" href=\"https:\/\/zepgis.de\/tr\/anasayfa\/podcastler\/\" \/>\n<meta property=\"og:locale\" content=\"tr_TR\" \/>\n<meta property=\"og:type\" content=\"article\" \/>\n<meta property=\"og:title\" content=\"Podcastler - ZEPGIS - Zentrum f\u00fcr psychosoziale Gesundheit in Schaumburg\" \/>\n<meta property=\"og:description\" content=\"&quot;G\u00f6\u00e7menleri G\u00fc\u00e7lendir&quot;, \u00f6zellikle Schaumburg b\u00f6lgesindeki g\u00f6\u00e7menlerin ihtiya\u00e7 duyduklar\u0131 deste\u011fi bulmalar\u0131na yard\u0131mc\u0131 olmak i\u00e7in \u00f6zel olarak geli\u015ftirilmi\u015f bir projedir.\" \/>\n<meta property=\"og:url\" content=\"https:\/\/zepgis.de\/tr\/anasayfa\/podcastler\/\" \/>\n<meta property=\"og:site_name\" content=\"ZEPGIS - Zentrum f\u00fcr psychosoziale Gesundheit in Schaumburg\" \/>\n<meta property=\"article:modified_time\" content=\"2025-07-15T11:23:54+00:00\" \/>\n<meta name=\"twitter:card\" content=\"summary_large_image\" \/>\n<meta name=\"twitter:label1\" content=\"Tahmini okuma s\u00fcresi\" \/>\n\t<meta name=\"twitter:data1\" content=\"17 dakika\" \/>\n<!-- \/ Yoast SEO plugin. -->","yoast_head_json":{"title":"Podcastler - ZEPGIS - Zentrum f\u00fcr psychosoziale Gesundheit in Schaumburg","description":"\"G\u00f6\u00e7menleri G\u00fc\u00e7lendir\", \u00f6zellikle Schaumburg b\u00f6lgesindeki g\u00f6\u00e7menlerin ihtiya\u00e7 duyduklar\u0131 deste\u011fi bulmalar\u0131na yard\u0131mc\u0131 olmak i\u00e7in \u00f6zel olarak geli\u015ftirilmi\u015f bir projedir.","robots":{"index":"index","follow":"follow","max-snippet":"max-snippet:-1","max-image-preview":"max-image-preview:large","max-video-preview":"max-video-preview:-1"},"canonical":"https:\/\/zepgis.de\/tr\/anasayfa\/podcastler\/","og_locale":"tr_TR","og_type":"article","og_title":"Podcastler - ZEPGIS - Zentrum f\u00fcr psychosoziale Gesundheit in Schaumburg","og_description":"\"G\u00f6\u00e7menleri G\u00fc\u00e7lendir\", \u00f6zellikle Schaumburg b\u00f6lgesindeki g\u00f6\u00e7menlerin ihtiya\u00e7 duyduklar\u0131 deste\u011fi bulmalar\u0131na yard\u0131mc\u0131 olmak i\u00e7in \u00f6zel olarak geli\u015ftirilmi\u015f bir projedir.","og_url":"https:\/\/zepgis.de\/tr\/anasayfa\/podcastler\/","og_site_name":"ZEPGIS - Zentrum f\u00fcr psychosoziale Gesundheit in Schaumburg","article_modified_time":"2025-07-15T11:23:54+00:00","twitter_card":"summary_large_image","twitter_misc":{"Tahmini okuma s\u00fcresi":"17 dakika"},"schema":{"@context":"https:\/\/schema.org","@graph":[{"@type":"WebPage","@id":"https:\/\/zepgis.de\/tr\/anasayfa\/podcastler\/","url":"https:\/\/zepgis.de\/tr\/anasayfa\/podcastler\/","name":"Podcastler - ZEPGIS - Zentrum f\u00fcr psychosoziale Gesundheit in Schaumburg","isPartOf":{"@id":"https:\/\/zepgis.de\/tr\/#website"},"datePublished":"2025-01-09T18:49:22+00:00","dateModified":"2025-07-15T11:23:54+00:00","description":"\"G\u00f6\u00e7menleri G\u00fc\u00e7lendir\", \u00f6zellikle Schaumburg b\u00f6lgesindeki g\u00f6\u00e7menlerin ihtiya\u00e7 duyduklar\u0131 deste\u011fi bulmalar\u0131na yard\u0131mc\u0131 olmak i\u00e7in \u00f6zel olarak geli\u015ftirilmi\u015f bir projedir.","breadcrumb":{"@id":"https:\/\/zepgis.de\/tr\/anasayfa\/podcastler\/#breadcrumb"},"inLanguage":"tr","potentialAction":[{"@type":"ReadAction","target":["https:\/\/zepgis.de\/tr\/anasayfa\/podcastler\/"]}]},{"@type":"BreadcrumbList","@id":"https:\/\/zepgis.de\/tr\/anasayfa\/podcastler\/#breadcrumb","itemListElement":[{"@type":"ListItem","position":1,"name":"Startseite","item":"https:\/\/zepgis.de\/tr\/"},{"@type":"ListItem","position":2,"name":"ZePGiS e.V.","item":"https:\/\/zepgis.de\/tr\/"},{"@type":"ListItem","position":3,"name":"Podcastler"}]},{"@type":"WebSite","@id":"https:\/\/zepgis.de\/tr\/#website","url":"https:\/\/zepgis.de\/tr\/","name":"ZePGiS e.V. - Zentrum f\u00fcr psychosoziale Gesundheit in Schaumburg","description":"","publisher":{"@id":"https:\/\/zepgis.de\/tr\/#organization"},"potentialAction":[{"@type":"SearchAction","target":{"@type":"EntryPoint","urlTemplate":"https:\/\/zepgis.de\/tr\/?s={search_term_string}"},"query-input":{"@type":"PropertyValueSpecification","valueRequired":true,"valueName":"search_term_string"}}],"inLanguage":"tr"},{"@type":"Organization","@id":"https:\/\/zepgis.de\/tr\/#organization","name":"ZEPGIS - Zentrum f\u00fcr psychosoziale Gesundheit in Schaumburg","url":"https:\/\/zepgis.de\/tr\/","logo":{"@type":"ImageObject","inLanguage":"tr","@id":"https:\/\/zepgis.de\/tr\/#\/schema\/logo\/image\/","url":"https:\/\/zepgis.de\/wp-content\/uploads\/2024\/02\/Logo_Web.svg","contentUrl":"https:\/\/zepgis.de\/wp-content\/uploads\/2024\/02\/Logo_Web.svg","width":198,"height":100,"caption":"ZEPGIS - Zentrum f\u00fcr psychosoziale Gesundheit in Schaumburg"},"image":{"@id":"https:\/\/zepgis.de\/tr\/#\/schema\/logo\/image\/"}}]}},"_links":{"self":[{"href":"https:\/\/zepgis.de\/tr\/wp-json\/wp\/v2\/pages\/2639","targetHints":{"allow":["GET"]}}],"collection":[{"href":"https:\/\/zepgis.de\/tr\/wp-json\/wp\/v2\/pages"}],"about":[{"href":"https:\/\/zepgis.de\/tr\/wp-json\/wp\/v2\/types\/page"}],"author":[{"embeddable":true,"href":"https:\/\/zepgis.de\/tr\/wp-json\/wp\/v2\/users\/1"}],"replies":[{"embeddable":true,"href":"https:\/\/zepgis.de\/tr\/wp-json\/wp\/v2\/comments?post=2639"}],"version-history":[{"count":3,"href":"https:\/\/zepgis.de\/tr\/wp-json\/wp\/v2\/pages\/2639\/revisions"}],"predecessor-version":[{"id":2770,"href":"https:\/\/zepgis.de\/tr\/wp-json\/wp\/v2\/pages\/2639\/revisions\/2770"}],"up":[{"embeddable":true,"href":"https:\/\/zepgis.de\/tr\/wp-json\/wp\/v2\/pages\/853"}],"wp:attachment":[{"href":"https:\/\/zepgis.de\/tr\/wp-json\/wp\/v2\/media?parent=2639"}],"curies":[{"name":"wp","href":"https:\/\/api.w.org\/{rel}","templated":true}]}}

<!-- This site is optimized with the Yoast SEO plugin v27.4 - https://yoast.com/product/yoast-seo-wordpress/ -->
<title>Podcastler - ZEPGIS - Zentrum für psychosoziale Gesundheit in Schaumburg</title>
<meta name="description" content="&quot;Göçmenleri Güçlendir&quot;, özellikle Schaumburg bölgesindeki göçmenlerin ihtiyaç duydukları desteği bulmalarına yardımcı olmak için özel olarak geliştirilmiş bir projedir." />
<meta name="robots" content="index, follow, max-snippet:-1, max-image-preview:large, max-video-preview:-1" />
<link rel="canonical" href="https://zepgis.de/tr/anasayfa/podcastler/" />
<meta property="og:locale" content="tr_TR" />
<meta property="og:type" content="article" />
<meta property="og:title" content="Podcastler - ZEPGIS - Zentrum für psychosoziale Gesundheit in Schaumburg" />
<meta property="og:description" content="&quot;Göçmenleri Güçlendir&quot;, özellikle Schaumburg bölgesindeki göçmenlerin ihtiyaç duydukları desteği bulmalarına yardımcı olmak için özel olarak geliştirilmiş bir projedir." />
<meta property="og:url" content="https://zepgis.de/tr/anasayfa/podcastler/" />
<meta property="og:site_name" content="ZEPGIS - Zentrum für psychosoziale Gesundheit in Schaumburg" />
<meta property="article:modified_time" content="2025-07-15T11:23:54+00:00" />
<meta name="twitter:card" content="summary_large_image" />
<meta name="twitter:label1" content="Tahmini okuma süresi" />
	<meta name="twitter:data1" content="17 dakika" />
<!-- / Yoast SEO plugin. -->

Podcastler - ZEPGIS - Zentrum für psychosoziale Gesundheit in Schaumburg

"Göçmenleri Güçlendir", özellikle Schaumburg bölgesindeki göçmenlerin ihtiyaç duydukları desteği bulmalarına yardımcı olmak için özel olarak geliştirilmiş bir projedir.

ZEPGIS - Zentrum für psychosoziale Gesundheit in Schaumburg

ZePGiS e.V. - Zentrum für psychosoziale Gesundheit in Schaumburg
